at are the prime factors of 2517?
3, 839
List the prime factors of 1364.
2, 11, 31
What are the prime factors of 1639?
11, 149
What are the prime factors of 11093?
11093
List the prime factors of 7983.
3, 887
What are the prime factors of 96229?
7, 59, 233
List the prime factors of 83475.
3, 5, 7, 53
What are the prime factors of 318?
2, 3, 53
What are the prime factors of 5415?
3, 5, 19
What are the prime factors of 1564?
2, 17, 23
List the prime factors of 7339.
41, 179
List the prime factors of 662.
2, 331
List the prime factors of 35548.
2, 8887
List the prime factors of 14.
2, 7
List the prime factors of 17984.
2, 281
What are the prime factors of 68663?
7, 17, 577
What are the prime factors of 8688?
2, 3, 181
What are the prime factors of 39198?
2, 3, 47, 139
List the prime factors of 1086.
2, 3, 181
List the prime factors of 8365.
5, 7, 239
List the prime factors of 10366.
2, 71, 73
What are the prime factors of 27283?
27283
What are the prime factors of 3291?
3, 1097
What are the prime factors of 943?
23, 41
What are the prime factors of 306?
2, 3, 17
What are the prime factors of 1474?
2, 11, 67
List the prime factors of 7594.
2, 3797
What are the prime factors of 950?
2, 5, 19
List the prime factors of 27706.
2, 7, 1979
List the prime factors of 46429.
29, 1601
What are the prime factors of 882?
2, 3, 7
List the prime factors of 16259.
71, 229
What are the prime factors of 87103?
87103
What are the prime factors of 748?
2, 11, 17
List the prime factors of 79.
79
List the prime factors of 67871.
67, 1013
What are the prime factors of 734?
2, 367
What are the prime factors of 12838?
2, 7, 131
List the prime factors of 44.
2, 11
What are the prime factors of 5892?
2, 3, 491
List the prime factors of 29935.
5, 5987
List the prime factors of 643.
643
List the prime factors of 652.
2, 163
What are the prime factors of 26053?
26053
What are the prime factors of 14607?
3, 541
List the prime factors of 5721.
3, 1907
What are the prime factors of 543?
3, 181
What are the prime factors of 2053?
2053
List the prime factors of 1167.
3, 389
List the prime factors of 43980.
2, 3, 5, 733
What are the prime factors of 134383?
61, 2203
List the prime factors of 6663.
3, 2221
What are the prime factors of 54064?
2, 31, 109
List the prime factors of 107.
107
List the prime factors of 23258.
2, 29, 401
What are the prime factors of 1584?
2, 3, 11
What are the prime factors of 1497?
3, 499
List the prime factors of 3258.
2, 3, 181
List the prime factors of 3589.
37, 97
What are the prime factors of 103514?
2, 73, 709
What are the prime factors of 8044?
2, 2011
What are the prime factors of 5581?
5581
What are the prime factors of 66405?
3, 5, 19, 233
What are the prime factors of 88291?
7, 12613
What are the prime factors of 1918?
2, 7, 137
What are the prime factors of 46698?
2, 3, 43, 181
List the prime factors of 47636.
2, 11909
List the prime factors of 1999.
1999
What are the prime factors of 267?
3, 89
List the prime factors of 1075.
5, 43
List the prime factors of 858.
2, 3, 11, 13
List the prime factors of 91.
7, 13
List the prime factors of 174527.
174527
List the prime factors of 648.
2, 3
What are the prime factors of 154?
2, 7, 11
What are the prime factors of 1133?
11, 103
What are the prime factors of 38772?
2, 3, 359
List the prime factors of 2736.
2, 3, 19
List the prime factors of 74757.
3, 24919
List the prime factors of 9291.
3, 19, 163
What are the prime factors of 62837?
31, 2027
What are the prime factors of 518?
2, 7, 37
List the prime factors of 514.
2, 257
List the prime factors of 16375.
5, 131
List the prime factors of 19078.
2, 9539
What are the prime factors of 4935?
3, 5, 7, 47
What are the prime factors of 14628?
2, 3, 23, 53
List the prime factors of 205.
5, 41
List the prime factors of 1241.
17, 73
List the prime factors of 3536.
2, 13, 17
What are the prime factors of 600?
2, 3, 5
What are the prime factors of 70038?
2, 3, 1297
What are the prime factors of 6757?
29, 233
What are the prime factors of 123854?
2, 61927
List the prime factors of 2201.
31, 71
What are the prime factors of 41993?
7, 857
What are the prime factors of 1449?
3, 7, 23
What are the prime factors of 16393?
13, 97
What are the prime factors of 2354?
2, 11, 107
List the prime factors of 396.
2, 3, 11
What are the prime factors of 924?
2, 3, 7, 11
List the prime factors of 2815.
5, 563
List the prime factors of 61460.
2, 5, 7, 439
List the prime factors of 10532.
2, 2633
What are the prime factors of 2295?
3, 5, 17
What are the prime factors of 10?
2, 5
List the prime factors of 2948.
2, 11, 67
List the prime factors of 141625.
5, 11, 103
List the prime factors of 25389.
3, 7, 13, 31
List the prime factors of 3996.
2, 3, 37
What are the prime factors of 2210?
2, 5, 13, 17
What are the prime factors of 52409?
7, 7487
List the prime factors of 18156.
2, 3, 17, 89
List the prime factors of 832.
2, 13
What are the prime factors of 23907?
3, 13, 613
List the prime factors of 2349.
3, 29
What are the prime factors of 348?
2, 3, 29
What are the prime factors of 1558?
2, 19, 41
What are the prime factors of 33667?
131, 257
List the prime factors of 13735.
5, 41, 67
List the prime factors of 601.
601
List the prime factors of 307.
307
What are the prime factors of 547?
547
What are the prime factors of 150?
2, 3, 5
What are the prime factors of 2657?
2657
List the prime factors of 14439.
3, 4813
What are the prime factors of 13945?
5, 2789
List the prime factors of 1118.
2, 13, 43
List the prime factors of 7649.
7649
List the prime factors of 1667.
1667
What are the prime factors of 730?
2, 5, 73
List the prime factors of 94643.
31, 43, 71
What are the prime factors of 12128?
2, 379
List the prime factors of 617.
617
What are the prime factors of 9803?
9803
What are the prime factors of 26887?
7, 23, 167
List the prime factors of 56846.
2, 43, 661
List the prime factors of 48838.
2, 24419
What are the prime factors of 336?
2, 3, 7
List the prime factors of 17993.
19, 947
What are the prime factors of 133497?
3, 7, 13, 163
What are the prime factors of 10157?
7, 1451
List the prime factors of 27635.
5, 5527
What are the prime factors of 2573?
31, 83
List the prime factors of 24139.
101, 239
List the prime factors of 1242.
2, 3, 23
What are the prime factors of 9698?
2, 13, 373
What are the prime factors of 2131?
2131
What are the prime factors of 56730?
2, 3, 5, 31, 61
List the prime factors of 12394.
2, 6197
List the prime factors of 5548.
2, 19, 73
What are the prime factors of 25921?
7, 23
List the prime factors of 9277.
9277
What are the prime factors of 129126?
2, 3, 21521
List the prime factors of 2384.
2, 149
What are the prime factors of 254?
2, 127
List the prime factors of 20887.
20887
What are the prime factors of 1699?
1699
List the prime factors of 1463.
7, 11, 19
List the prime factors of 7365.
3, 5, 491
List the prime factors of 18174.
2, 3, 13, 233
List the prime factors of 40709.
40709
List the prime factors of 17165.
5, 3433
List the prime factors of 27012.
2, 3, 2251
List the prime factors of 12461.
17, 733
What are the prime factors of 7148?
2, 1787
List the prime factors of 2935.
5, 587
List the prime factors of 230.
2, 5, 23
What are the prime factors of 3946?
2, 1973
List the prime factors of 4955.
5, 991
List the prime factors of 55.
5, 11
List the prime factors of 44904.
2, 3, 1871
What are the prime factors of 176?
2, 11
What are the prime factors of 621?
3, 23
What are the prime factors of 86115?
3, 5, 5741
What are the prime factors of 139727?
7, 19961
List the prime factors of 412.
2, 103
List the prime factors of 54367.
54367
What are the prime factors of 35039?
37, 947
What are the prime factors of 118242?
2, 3, 6569
List the prime factors of 2707.
2707
What are the prime factors of 19818?
2, 3, 367
What are the prime factors of 593?
593
What are the prime factors of 8321?
53, 157
List the prime factors of 13554.
2, 3, 251
List the prime factors of 53308.
2, 13327
List the prime factors of 10257.
3, 13, 263
What are the prime factors of 57415?
5, 11483
What are the prime factors of 15780?
2, 3, 5, 263
List the prime factors of 5015.
5, 17, 59
What are the prime factors of 2044?
2, 7, 73
What are the prime factors of 1812?
2, 3